the prime factors of ((-28)/21)/(1/z)?
2, 13
Suppose -6*d + 10*d - 16 = 0. Suppose 7 = -u - d. List the prime factors of (-2)/u + 300/44.
7
Let q(j) = 87*j**3 + j**2 - 2*j + 1. Let i(m) = -m**2 + 11*m - 9. Let n be i(10). List the prime factors of q(n).
3, 29
Let v = 467 - 249. Suppose -2*g + v = 20. Suppose -5*u + 250 = -2*j, 2*u - 5*j - g = -4*j. What are the prime factors of u?
2, 13
Let u(d) = 3*d**2 - 32*d - 97. List the prime factors of u(22).
3, 7, 31
Let v = 159 - -7. Let r = v + 74. What are the prime factors of r?
2, 3, 5
Let c(b) = 2 - 7*b + 2*b - b. Suppose f + 5*m = 7*m - 11, 2*f - m + 13 = 0. What are the prime factors of c(f)?
2
Let o(q) = 4*q - 16. Let r(g) = g - 5. Let s(p) = 2*o(p) - 7*r(p). Let l be (2 + -2)/(-2 - -1). List the prime factors of s(l).
3
Let w(n) = -n**3. Suppose 0 = 3*m + 2*m + 5. Let k(d) = 5*d**3 + 6*d**2 - 3*d + 5. Let f(o) = m*k(o) - 4*w(o). What are the prime factors of f(-7)?
23
Suppose -10880 = -9*y - y. List the prime factors of y.
2, 17
Suppose -2*i = r + 3, 4*r - 4*i + 0 - 12 = 0. Let w be (3 - -27)*2/r. Suppose w = l + l. What are the prime factors of l?
2, 3, 5
Suppose -4*v = -3*l - 7308, -v = -3*l + 6*l - 1827. What are the prime factors of v?
3, 7, 29
Let r(s) = -s**3 - s**2 - 1. Let q(h) = 5*h**3 + 20*h**2 - 5*h + 28. Let b(i) = q(i) + 6*r(i). What are the prime factors of b(13)?
2, 3, 7
Let p = 52 - 50. Suppose p*k = 155 + 95. List the prime factors of k.
5
Let t be (1 + -1)/((-20)/(-10)). Suppose 2*d - 4*c = -t*c + 66, -3*c = 5*d - 178. List the prime factors of d.
5, 7
Suppose 4*r - 586 = 918. List the prime factors of r.
2, 47
Let o = 8 + -8. Suppose -g - g = o. Suppose v + 4*y - 37 = g, 0*v + v - 41 = -2*y. List the prime factors of v.
3, 5
Let n(k) = -44*k**2 + 2*k + 3. Let m be n(-1). Suppose s - 4*b + 10 = 0, -2*b - 26 - 14 = s. Let r = s - m. What are the prime factors of r?
13
Suppose -4*n - 4*s = -917 - 451, 0 = 2*s - 2. What are the prime factors of n?
11, 31
Suppose -15*z + 430 = -10*z. Suppose -4*w = -p - 2*p + 17, 0 = -w - 2. Suppose z = p*m + 29. What are the prime factors of m?
19
Suppose 3*j + 636 = 7*j. Let m = j - 62. List the prime factors of m.
97
Let d(r) = r**3 - 39*r**2 - 24*r - 92. List the prime factors of d(42).
2, 131
Let w(m) = -1036*m - 637. What are the prime factors of w(-6)?
7, 797
Let s = 263 + -136. What are the prime factors of s?
127
Let n(d) = d + 2*d - 81 - 4*d + 109. What are the prime factors of n(7)?
3, 7
Let h = -536 - -912. What are the prime factors of h?
2, 47
Let l(c) = 2*c**3 - 5*c**2 - 6*c + 6. Let j be l(4). Suppose 3*k - 8 = 5*p + j, k = -4*p + 24. What are the prime factors of k?
2
Let w(i) = 2*i**3 - 7*i**2 + 5*i. Let k = -10 - -14. Let o(f) = -f**2 + 5*f. Let t be o(k). List the prime factors of w(t).
2, 3
Let q(p) = 2*p**2 - p + 13. Let z be q(11). Suppose 0 = 20*h - 22*h + z. List the prime factors of h.
2, 61
Let b(q) = 11 + 8*q - 1 - 25*q - 9. Let r be b(2). Let z = 27 - r. List the prime factors of z.
2, 3, 5
Let q(s) = -77*s**3 + s + 2. Let a be -1*(-1)/(0 - 1). What are the prime factors of q(a)?
2, 3, 13
Suppose 0*v = 2*v, -3*l - 3*v = -27. Suppose -571 - 614 = 5*d. List the prime factors of d/(-9) + (-3)/l.
2, 13
Suppose -5*n + 1155 = 3*l, 4*n + 4*l - 340 = 592. Suppose -6*w - 453 = -8*w - 5*a, 0 = -w - 2*a + n. List the prime factors of w.
2, 3, 13
Let z(w) = 2*w**3 - 2*w**2 + w - 12. Let k be z(5). Let y = k - 48. What are the prime factors of y?
5, 29
Let b(q) = -q - 6. Let f(g) = g. Let i(a) = b(a) + 4*f(a). What are the prime factors of i(12)?
2, 3, 5
Let y(x) be the second derivative of 2*x**3/3 + 13*x**2/2 - 12*x. What are the prime factors of y(6)?
37
Let r(c) be the third derivative of c**6/60 - 2*c**5/15 + 5*c**4/24 + c**3/3 - 5*c**2. Let g be r(5). Suppose 5*w - g = -7. What are the prime factors of w?
2, 7
Suppose 5*o = -42*o + 74213. List the prime factors of o.
1579
Suppose -2*o - 5*r = -432, o - 215 - 3 = -3*r. Let h = -136 + o. List the prime factors of h.
2, 5, 7
Suppose -14*o + 8272 = 2*o. List the prime factors of o.
11, 47
Let m be 6/(-1) - 0/1. Let p(q) = q**2 - q + 5. Let u be p(m). Let i = u - 24. What are the prime factors of i?
23
Suppose 0 = -3*x + 17 + 7. Let o = -397 - -189. What are the prime factors of 1*3 - o/x?
29
Let j(c) = -c + 4. Let f be j(0). Let v be (-2)/f*(-12)/(-2). What are the prime factors of 32 - (-1 - (3 + v))?
3, 11
Let p be -2 - (0 - 5) - -8. Let q(b) be the second derivative of b**3/3 - 7*b**2/2 + 3*b. What are the prime factors of q(p)?
3, 5
Suppose -7 = -2*n + 3. Suppose -4*a = -2*g - 14, -4*a + n = -g - 8. Suppose -a*t + 46 + 62 = 0. What are the prime factors of t?
2, 3
Let b = -38 - -25. Let v = 115 + b. What are the prime factors of v?
2, 3, 17
Let v(a) be the third derivative of a**5/60 + 7*a**4/24 + 3*a**3/2 - a**2. Let i be (-4 - -2*(1 - 0)) + -4. List the prime factors of v(i).
3
Let l(b) = 0*b**3 + 6 + 3*b + 6*b**2 + b**3 - 5. What are the prime factors of l(-4)?
3, 7
Suppose 4*x + 12*u = 7*u + 35, -3*u - 11 = -4*x. Suppose 4*v - f - 287 = 0, -3*v + 108 = -x*f - 120. List the prime factors of v.
71
Suppose 2*x + 5*p = 2931, -4*x + 5*p + 1393 + 4484 = 0. What are the prime factors of x?
2, 367
Let p = -157 - -227. Let z = 16 + p. Suppose j - 5*v = -4*j + 220, -2*j + v = -z. What are the prime factors of j?
2, 3, 7
Let r = 755 + -639. List the prime factors of r.
2, 29
Let k(h) = -7*h**2 - 3 + 8 + 2 + h**3. Let o be 2/(-9) - 1170/(-162). List the prime factors of k(o).
7
Let a be 1/(-7) - 2098/14. Let x = a - -88. Let m = x - -120. List the prime factors of m.
2, 29
Suppose -2*o - 11220 = -4*a, -26*a - 2*o + 5598 = -24*a. List the prime factors of a.
2803
Suppose -104 + 306 = -5*m - 4*w, -5*w + 220 = -5*m. Let z = -17 - m. What are the prime factors of z?
5
Let x = -77 + 55. Let o be (x + 2 + -3)*-2. Let i = o + -7. What are the prime factors of i?
3, 13
Let v be -3 + (93/12 - (-2)/8). Suppose 0 = 3*l + 2*m + 19 - 518, -5*l + 840 = -v*m. List the prime factors of l.
167
Let f = 20 + -20. Suppose -2*g + 3*r + 108 = f, 0*g + 2*r + 104 = 2*g. List the prime factors of g.
2, 3
Let j(v) = -63*v + 16. Let m be j(-5). Let p = m - 140. What are the prime factors of p?
191
Let g = 921 + -624. List the prime factors of g.
3, 11
Let p(m) be the second derivative of m**4/6 + 4*m**3/3 + 3*m**2 - 13*m. Suppose -10 = q + q. List the prime factors of p(q).
2
Suppose 22*k - 31956 = -3730. What are the prime factors of k?
1283
Suppose -84*n + 104*n = 18580. List the prime factors of n.
929
Let j = -3 + 4. Let r = -12 + 17. Let c = r - j. List the prime factors of c.
2
Let y(q) = q**2 - 13*q - 10. Let n be y(14). Suppose -189 = -n*m + 127. What are the prime factors of m?
79
Let m(h) = h**3 - 4*h - 2. Let b be m(-2). Let j be (b - 1*-8)/1. Let t = j + -1. What are the prime factors of t?
5
Suppose 932 = 5*j - 4*h - 2618, -4*h - 2122 = -3*j. What are the prime factors of j?
2, 3, 7, 17
Suppose -r = -q + 3498, 5*q - 466 = -3*r + 17040. List the prime factors of (2/(-4))/((-14)/q).
5
Let m = -6 - 5. Let x = m + -4. List the prime factors of 103/5 + (-6)/x.
3, 7
Let q be 1/(-2)*(-58 + 2). List the prime factors of (q/10)/((-3)/(-15)).
2, 7
Suppose -16*l + 169 = -7. Let n(i) = 11*i**2 - i - 2. Let j be n(-2). Let m = j - l. List the prime factors of m.
3, 11
List the prime factors of (-2 - 11152)*(4 + -7)/9.
2, 11, 13
Let g = -23 + 112. List the prime factors of g.
89
Suppose 4*z + z = 25. Let b(s) = -s**3 - 8*s**2 - 5*s - 2. Let u be b(-8). Suppose 0*j + 12 = -l + 5*j, z*j - u = -l. What are the prime factors of l?
13
Suppose 145 = 5*m - 2*d, 3*m + 6*d - 2*d - 87 = 0. What are the prime factors of m?
29
Suppose -8*x + 4*x = 8. Let j(f) = f + 8*f**2 - 3*f**3 - 8*f**2 + 1. List the prime factors of j(x).
23
Let x be 7/((-28)/2) - (-702)/4. Let n = x - 59. List the prime factors of n.
2, 29
Suppose -28*w = -17*w - 187. List the prime factors of w.
17
Suppose w - 12 = 4*u, -2*w + 0*u + 4 = 2*u. Suppose -5*x - p + 623 = -0*p, w*p = -2*x + 242. What are the prime factors of x?
5
Let g(m) = 105*m + 481. What are the prime factors of g(45)?
2, 19, 137
Suppose -4*l = -4*i - 8*l + 144, l + 57 = 2*i. Suppose i*u - 24*u = 469. What are the prime factors of u?
67
Let a(t) = t + 7. Let d be a(-4). Let p be